igit of v?
3
Suppose -6*l = -3*l. Let d(v) = -v**3 + v + 4. Let g be d(l). Let x(m) = 7*m - 6. What is the units digit of x(g)?
2
Let w = 1976 - 1108. What is the units digit of w?
8
Suppose 2*q + 4*f + 14 = 0, -2*q + 2*f = 1 - 5. Let k = q - -4. Suppose 0 = n - k*n + 30. What is the units digit of n?
5
Let c(f) = -f**3 + 10*f**2 + 11*f + 11. Let z be c(11). What is the hundreds digit of z/(99/(-30))*369/(-6)?
2
Suppose 9 = -2*z + 2*n + 35, -2*n = -4. Suppose 0 = 5*o - z + 5. Suppose -10 = -2*f, o + 20 = 4*r - 2*f. What is the units digit of r?
8
Let m(y) = -38*y**2 - 3*y - 1. Let p(w) = -39*w**2 - 3*w - 1. Let r(h) = 3*m(h) - 4*p(h). What is the units digit of r(-1)?
0
Let h be ((-3)/1)/(9/24). Let k be (-1 - -1)*4/h. Suppose 0 = -3*g + b + 80, 4*g - 2*b - 41 - 69 = k. What is the units digit of g?
5
Let w = -292 + 2091. What is the hundreds digit of w?
7
Suppose 5*z = 4*d + 10070, 7*d - 6*d - 10045 = -5*z. What is the units digit of z?
0
Suppose -378 - 55 = -f. What is the tens digit of f?
3
Let m(v) = -3*v**2 - 3 - 6 - 5*v - 5*v + 5*v**2. What is the tens digit of m(9)?
6
Let g(y) = -316*y - 3. What is the hundreds digit of g(-1)?
3
Let q(r) = r**3 + 17*r**2 + 42 - 7*r**2 + 13*r + 10*r**2. What is the units digit of q(-19)?
6
Let m be (-285)/10*7/(21/(-6)). Suppose -m = -r + o + 58, 0 = -o + 4. What is the tens digit of r?
1
Let b(x) = -x**2 + 61*x - 89. What is the hundreds digit of b(54)?
2
Let s be (-399)/(-15) - 6/10. Let f = -21 + s. Suppose -2*u = -4*k - 54, k + 61 = f*u - 110. What is the tens digit of u?
3
Let c(x) = 59*x**3 - 2*x**2 - 11*x - 13. What is the hundreds digit of c(3)?
5
Let l(i) = -163*i + 477. What is the hundreds digit of l(-7)?
6
Suppose 0 = -4*d + 407 + 4041. What is the units digit of d?
2
Let x(g) = -93*g - 1. What is the hundreds digit of x(-8)?
7
Let j = -39 - -41. Suppose q - 3*l = j*q - 21, 0 = -2*q - 4*l + 42. What is the tens digit of q?
2
Let x(s) = 11*s**2 + 3*s - s - 75 + 66. What is the units digit of x(3)?
6
Suppose 7*x - 3*x - 16648 = 0. What is the units digit of x?
2
Suppose -1833 = 3*l - 9228. What is the units digit of l?
5
Suppose -5*u = -2*x - 47, -2 = x - 4*u + 29. Let v(k) = -k**3 - 12*k**2 - 12*k - 6. Let d be v(x). Suppose -d*s = -193 - 217. What is the units digit of s?
2
Suppose -3*g = -41*g + 10108. What is the hundreds digit of g?
2
Suppose -2*g + 120 = -8*g. Let h = 19 + g. Let a(i) = 36*i**2 + i + 2. What is the units digit of a(h)?
7
Let a(r) be the first derivative of 3*r**3 + r + 9. Let u = -12 - -13. What is the tens digit of a(u)?
1
Let z be 30/7*(-112)/4. Let w = -2 - z. Suppose 4*t = j + w, 0 = -3*t + 4*j - j + 84. What is the tens digit of t?
3
Suppose 0 = 7*k - 2682 - 1756. What is the tens digit of k?
3
Suppose 266*s - 654 = 264*s. What is the units digit of s?
7
Let a(r) = r + 2. Let h be a(3). Let q(m) = m - 5. Let p be q(h). Suppose p = d + 4*d - 165. What is the units digit of d?
3
Let w(h) = -h + 7. Let d(p) = 60*p - 59*p - 2 - 1. Let x be d(-7). What is the tens digit of w(x)?
1
Let n be (11 - 12)*(11 + -1). Let b(o) = -o**2 - 5*o - 10. Let a be b(n). What is the units digit of (-1)/(184/a + 3)?
5
Let t(w) = -15*w - 41. Let x be t(-3). Let v(c) be the second derivative of c**5/20 - c**4/3 + c**3 + c. What is the tens digit of v(x)?
2
Suppose 2*r - 4*z - 24 = 0, 3*r + 2*z = 29 + 7. Let b = 35 + r. What is the units digit of b?
7
Let o(w) = w**3 - w**2 + 11. Let g be o(0). Suppose -g*v = -16*v. Suppose v = -b + 23 + 9. What is the units digit of b?
2
Let i be -1 + 2*(-2)/(-4). Let k = 10 - 1. What is the units digit of 0/(-1) + (k - i)?
9
Suppose s - 1 = -6. What is the units digit of s/(-45) - (-412)/18?
3
Let k = -10 + 157. Let s = k - 53. What is the units digit of s?
4
Let b(u) = -4*u - 11. Suppose 3*d + z - 2 = -21, 3*z - 15 = 0. What is the tens digit of b(d)?
2
Let r be ((-272)/48)/((-1)/126). Suppose 5*s = -2*s + r. What is the tens digit of s?
0
Let d be (-14)/21 + 125/3. Let a = d + -3. What is the units digit of a?
8
Suppose -5*i + 15 = p, 6 = -4*i + 5*p - 11. Suppose -32 = -2*h - 2*h - 5*u, 31 = 3*h + i*u. Let s = 32 + h. What is the units digit of s?
5
Let v be -10*(3/(-6))/(1/4). Suppose -s + 133 = -v. What is the tens digit of s?
5
Let r = -138 + 207. Let g = r - -70. Suppose 5*d - g = 131. What is the units digit of d?
4
Suppose 0 = -p - f + 2*f + 245, -2*p = 3*f - 470. What is the tens digit of p?
4
Let m = 332 + -65. Let b = -172 + m. What is the tens digit of b?
9
Suppose -r + 3 = 3*d - 8, -d + 9 = 3*r. Suppose -5 = 3*n - r, 0 = -4*j + 5*n + 17. Suppose 172 = p + j*p. What is the tens digit of p?
4
Suppose -4*l + 12 = -10*l. What is the units digit of ((-3)/(-6))/(l/(-396))?
9
Let d(u) = u**2 + 13*u + 18. Let z be d(-13). Let p = z - 16. Suppose -6 - 37 = -h - 5*r, -3*h + 129 = p*r. What is the units digit of h?
3
Let d be (84*-1)/3 + 2. Let s be (-4)/26 - 992/d. Let c = 67 - s. What is the tens digit of c?
2
Let g(j) = -7*j + 237. What is the tens digit of g(0)?
3
What is the thousands digit of (73632/9)/4 + 8/12?
2
Let q(d) = 17*d + 62. Let z be q(22). Let h = -177 + z. What is the tens digit of h?
5
Let t(r) = -14*r - 8*r - 1 - r + 37*r. Let d be t(-1). What is the units digit of 10/75 + (-328)/d?
2
Suppose -5*v + 1900 = 23*g - 19*g, -g - 4*v + 475 = 0. What is the hundreds digit of g?
4
What is the hundreds digit of 1118 + -72 - (1 + 2)?
0
Let k(p) = p**3 - 3*p**2 - 2*p - 4. Let w be k(4). Suppose r - w*r = -192. What is the tens digit of r?
6
Let k(a) = -42*a - 2. Let c(u) = -u**2 + 9*u + 9. Suppose 4*b = -5*h - 5 + 60, -h + 53 = 5*b. Let g be c(b). What is the tens digit of k(g)?
4
Suppose 3*x = o + 35, 0*x - 4*o + 29 = x. Let m = 15 - x. Suppose 0 = m*k + 3 - 21. What is the units digit of k?
9
Let c(o) = 57*o - 406. Let u be c(7). Let r(y) = 3*y + 13. Let h(s) = 6*s + 27. Let t(i) = -4*h(i) + 7*r(i). What is the units digit of t(u)?
4
Let a(g) = 7*g**2 + 7*g + 120. What is the units digit of a(-10)?
0
Let q = 14 - 11. Let t be (-18)/q*(-4)/8. Suppose t*w - 17 = -2. What is the units digit of w?
5
Suppose 76 + 851 = 9*k. What is the tens digit of k?
0
Suppose -28*x = -29*x + 420. What is the units digit of x?
0
Let h(v) = v**2 + 14 - 6*v - 33 + 11 + 12. What is the units digit of h(-7)?
5
Suppose -4 = 3*x - 5*x. Let f(y) be the third derivative of 7*y**4/12 - y**3/6 - 13*y**2. What is the units digit of f(x)?
7
Suppose 0 = 9*a - 5*a - 160. Let i = a - 33. What is the units digit of i?
7
Let s = -2285 - -3968. What is the units digit of s?
3
Let j be (-70)/(-595) - 4858/(-34). Let k = 287 - j. What is the units digit of k?
4
Let w(t) = -3*t + 11. Suppose -d + 4*d = -15. Let a be w(d). Let m = a + -1. What is the units digit of m?
5
Suppose -p = 5*f - 11 - 8, -3*p + 4*f - 38 = 0. What is the units digit of ((-4)/p)/((4/120)/1)?
0
Let n(q) = q**3 - 12*q**2 - 10*q - 8. Let j be n(11). Let x = -156 - j. What is the units digit of x?
3
What is the tens digit of -6 + (-224)/(-40) + (-11537)/(-5)?
0
Suppose t - 13 - 10 = -4*c, -2*c + t + 7 = 0. Suppose -3*k = 2*l - 0*l - 7, 5*k = -2*l + c. Let x(p) = p + 5. What is the tens digit of x(l)?
1
Let p be (-11)/(-5) + 2/(-10). Suppose -p*u + 5*f + 4 = 2*u, -4*u = -4*f - 4. What is the tens digit of 65/4 - u/4?
1
Let l(y) = y**3 + 3*y**2 + y. Let q = 2 + -5. Let r be l(q). What is the units digit of r/15 - (-284)/20?
4
Let t(b) = b**3 + 2*b. Suppose -5*r + 2*l = -11, 0 = r + 4*l - 9 - 2. Suppose -z + 0*q + q = r, -21 = 2*z - 5*q. What is the units digit of t(z)?
2
What is the tens digit of (524/(-5))/(38/(-95))?
6
Let j be -12 + 3 + (0 - -2). Let s = -23 - j. What is the tens digit of (-5 + 8)/((-3)/s)?
1
Let m = 68 - -35. Let i = m + -5. What is the units digit of i?
8
Suppose 1230*y = 1225*y + 2550. What is the tens digit of y?
1
Let y = -1 + 1. Suppose 1 + 4 = 3*q + 2*i, y = 2*q - 5*i - 16. What is the units digit of q?
3
Suppose -6*d + 0*d = -6. Let g(x) = 269*x**2 - 3*x + 3. What is the hundreds digit of g(d)?
2
Let g be 5 - (1 - -1 - 2). Suppose -g*m + 440 = 5*o, -m - 2*o = -5*o - 96. What is the units digit of m?
0
Suppose d - 1614 + 474 = 0. What is the units digit of d?
0
Suppose -13 = 2*h - k - 473, 692 = 3*h - k. What is the units digit of h?
2
Let x(r) = -r**2 + 15*r + 19. Let b(k) = -2*k + 3*k